 239 is divided by d(-2)?
19
Suppose -2*o = -3*o + 347. Suppose 4*p = 3*w - o, -3*p + p = -5*w + 555. Calculate the remainder when w is divided by 28.
25
Suppose f + 49 = 4*f + 2*d, 21 = f + 3*d. Calculate the remainder when 118 is divided by f.
13
Suppose -j + 28 = -0*j. Calculate the remainder when 1240/15 + (-4)/6 is divided by j.
26
Suppose -38 - 10 = -2*i. Calculate the remainder when i is divided by (-2)/96*-8 - (-89)/6.
9
Suppose 0 = -20*z + 21*z - 15. Calculate the remainder when 73 is divided by z.
13
Suppose 3*n + 81 = 12*n. Calculate the remainder when 94/6 + (-4)/(-12) is divided by n.
7
Suppose -2*p - 104 = -5*l + 119, 0 = -2*l - 3*p + 93. Calculate the remainder when 179 is divided by l.
44
Suppose 4*a - 40 = 8. Let f = 0 + a. Calculate the remainder when 20 is divided by f.
8
Let g(x) = 3*x**3 + 3*x**2 - 9*x - 1. Calculate the remainder when 49 is divided by g(2).
15
Let y(u) = 2*u**3 - 4*u - 4. Let x be y(-3). Let v = x + 70. Calculate the remainder when v is divided by (-24)/(-4)*(-65)/(-30).
11
Let w(t) = 3*t**2 - 17 - 17*t + 13*t**2 + t**3 - 2*t**2. What is the remainder when 63 is divided by w(-15)?
11
Let d(y) = 3*y**2 - y + 7. Let g be d(0). Let u(k) = -2*k**2 - 3*k - 1. Let o be u(3). Calculate the remainder when 11 is divided by 3 + g/(o/(-8)).
1
Let k be 14/42 - (-35)/3. Suppose 5*f - k = -2. Suppose 0 = 3*m - 5*i + 10, -f*m + m + 25 = 4*i. Calculate the remainder when 19 is divided by m.
4
Let z(m) be the second derivative of -m**3/6 + 25*m**2/2 + 16*m. Calculate the remainder when (9*1)/(6/16) is divided by z(16).
6
Let o(d) be the first derivative of d**3/3 + 2*d**2 - 3*d + 1. What is the remainder when 1895/2653*-2*(-7)/2 is divided by o(-5)?
1
Let o = -336 + 342. What is the remainder when 20 is divided by o?
2
Let q(w) = -10*w - 293. What is the remainder when 70 is divided by q(-32)?
16
Suppose 7*x - 29 = -1. Suppose -s = -x*g + 18, -2*g - 3*s + 5 = 3. What is the remainder when 15 is divided by g?
3
Suppose 5*v - 78 = -358. Let t = v - -79. Let g = -194 + 199. What is the remainder when t is divided by g?
3
Let f = 1400 - 1327. What is the remainder when 1312 is divided by f?
71
Suppose -8*q = -46 + 390. Let w = 66 + q. What is the remainder when w is divided by 4?
3
Let f(s) = -2*s**3 + 12*s**2 + s + 5. What is the remainder when 41 is divided by f(6)?
8
Let m(q) = -q**3 - 4*q**2 - 7*q + 13. Calculate the remainder when m(-6) is divided by -3 + -2*(-29)/2.
23
Calculate the remainder when (-4)/(-18) + 840/108 + 3 is divided by 2.
1
Suppose -13*o + 5*o = -64. Calculate the remainder when 78 is divided by o.
6
Let w(s) be the second derivative of -11*s**3/6 - 5*s**2 - 24*s. Calculate the remainder when w(-4) is divided by 7.
6
Let s(v) = 5*v + 2. Suppose 7 = -4*j - 5*a, 4*j + 2*a - 4 = -2. Let t be s(j). Calculate the remainder when 16 is divided by -4*(t/(-8) - 1).
6
Suppose 2*z - 2*h - 32 = -10, -3*h = 2*z - 42. Calculate the remainder when z is divided by 7.
1
Let a(q) = 2*q**2 - 10*q - 2. Suppose -c + 22 = c. Let x = c - 8. What is the remainder when a(6) is divided by x?
1
Suppose 5*w + 2*l - 3875 = -0*l, 0 = -w + 5*l + 802. What is the remainder when w is divided by 60?
57
Let a = 950 - 692. What is the remainder when a is divided by 87?
84
Suppose 0 = 17*c - 21*c + 164. Let g = -15 - -26. What is the remainder when c is divided by g?
8
Calculate the remainder when 4 is divided by (-209)/(-77) + (-10)/(-35).
1
Let z(l) = 2*l**2 - 2. Let g(h) = h**2 + h + 1. Let c(a) = 3*g(a) - z(a). Let s be c(-8). Let f = s + -15. Calculate the remainder when f is divided by 8.
6
Let b(z) = 2*z**2 - 5*z + 4. Let k be b(2). What is the remainder when 64 is divided by ((19 - -1) + k)/(-2 + 3)?
20
Let y(n) = n**2 + 12*n - 22. Let w be y(-15). Suppose 0 = -r + 26 - w. What is the remainder when r is divided by 2?
1
Suppose -5*z - 7 = 2*d - 367, -3*d = -z - 574. Suppose 457*v - 497*v = -640. Calculate the remainder when d is divided by v.
14
Calculate the remainder when 24 is divided by (4/(-12))/(2/(-78)).
11
Let z(o) = 24*o**2 + 251*o + 27. Calculate the remainder when z(-11) is divided by 50.
20
Suppose 24*u - 107 = 541. Let x = 171 - 93. What is the remainder when x is divided by u?
24
Let m(v) = -55*v + 83. What is the remainder when m(-5) is divided by 36?
34
What is the remainder when ((-40)/5 + 10)*(0 + 47) is divided by 29?
7
Suppose b + 8 = 5*l + 3, 1 = 3*l - b. Suppose -l*s + 9 = 3*x, -1 = -2*x + 1. Suppose s*t - 4*t = -19. What is the remainder when t is divided by 12?
7
Suppose 36 = 2*p + q + 4, 77 = 5*p + q. Suppose 0 = 3*m + 2*a - 295, -3*m + 8*a - 3*a = -323. Calculate the remainder when m is divided by p.
11
Let b be (-13 + 16)*(-4)/(-6). Suppose 2*o = -b*o - 8, 4*o = -2*d + 142. Calculate the remainder when d is divided by 38.
37
Let w(x) = 62*x - 20. What is the remainder when 72 is divided by w(1)?
30
Let o(c) = -c - 7. Let d be o(-7). Suppose 3*x - 127 - 38 = d. What is the remainder when 108 is divided by x?
53
Suppose s - 5*u = -7, 2*s - 5*s + u = -7. Suppose 0 = n + s*q + 54, 17 = -4*n + 3*q - 124. Let y = n + 67. What is the remainder when y is divided by 10?
8
Suppose 0 = -4*j - 2*w + 16, 4 = 4*j - w - 0*w. Calculate the remainder when 48 is divided by 1/j*-4 - (1 - 12).
3
Let y = 16 + -16. Suppose 5*q + 0*q - 225 = y. Let w(k) = -k**3 + 5*k**2 + 2*k + 6. Calculate the remainder when q is divided by w(5).
13
Suppose -5*h - 48 = -5*n + n, 5*h + 20 = 0. Suppose -3*g - 19 = -4*g. What is the remainder when g is divided by n?
5
Suppose 1836 = 25*q - 1639. What is the remainder when q is divided by 28?
27
Let m = -1087 + 1093. Calculate the remainder when 227 is divided by m.
5
Suppose -4*t = r - 16, t = -2*t + 9. Suppose 5*g + 3*o = 83, 39 = g - r*o - o. Calculate the remainder when g is divided by 11.
8
What is the remainder when (-781)/(-5) + 4 - 3/15 is divided by 67?
26
Let n(b) = b**2 + 4*b + 3. Let t be n(-2). What is the remainder when 15 is divided by 2/(-5)*15*t?
3
Suppose 0 = -4*c - c. Suppose -o - 5*u + 1 - 5 = c, -96 = -5*o + 4*u. Calculate the remainder when ((-1)/2)/(1/4) + 31 is divided by o.
13
Suppose 16*c - 2872 = 6520. Calculate the remainder when c is divided by 37.
32
Calculate the remainder when 147 is divided by (-10)/((-12)/(-9) + -2).
12
Let q(z) = z**3 - 2*z**2 + 3*z - 2. Let x be q(2). Suppose -x*p + 12 = -88. What is the remainder when 122 is divided by p?
22
Let j(u) = 6*u**2. Let p be j(1). Suppose 0*i + p = 3*i. Suppose -i*m + 38 = 2*n + 2*n, 0 = -2*m + 5*n + 11. Calculate the remainder when m is divided by 7.
6
Suppose -5*v - j = -45, -2*v + j + 36 = 2*v. Let y be ((-27)/180*5)/((-2)/8). Suppose -y*l + v = -9. What is the remainder when 11 is divided by l?
5
Suppose 6*b = 2*b - 4*u + 176, u = b - 44. Calculate the remainder when b is divided by 7.
2
Let h = 400 + -392. What is the remainder when h is divided by 3?
2
Let q = 345 - 325. Calculate the remainder when 3 + (3/(-3) - -155) is divided by q.
17
Suppose 0 = 5*u - 119 - 51. Suppose -330 = 994*j - 996*j. Calculate the remainder when j is divided by u.
29
Let p(c) = 2*c - 7. Suppose -4*r - 4 = 0, -2*r = -3*k + 46 + 34. What is the remainder when k is divided by p(7)?
5
Suppose -3*y = -6, -4*y + 116 = -12*h + 16*h. Calculate the remainder when (-302)/(-6) - 4/(-6) is divided by h.
24
What is the remainder when -570*(-6 + (-66)/(-12)) is divided by 17?
13
Let c = 207 - 128. Suppose -14 + c = 5*i. Calculate the remainder when (-4)/12 + (-302)/(-6) is divided by i.
11
What is the remainder when 60 is divided by 545/40 - (-9)/24?
4
Suppose 0 = 3*w + 4*d - 174 - 7, 3*d - 121 = -2*w. Calculate the remainder when 132 is divided by w.
14
Let d(s) be the first derivative of -3*s**2/2 - 7*s - 6. Suppose -q + p = -82, -208 + 16 = -2*q - 5*p. Calculate the remainder when q is divided by d(-12).
28
Let d(r) = 8*r - 10. Let a(p) = 9*p - 10. Let z(l) = -4*a(l) + 5*d(l). Let h be z(5). Calculate the remainder when (-192)/(-9)*15/h is divided by 17.
15
Let k(y) = 3*y - 2. Suppose -q - 78 = 3*m - 91, 2*q = 5*m - 7. Calculate the remainder when k(3) is divided by q.
3
Suppose 3*j + 5*n + 90 = 6*j, -120 = -4*j - 5*n. Calculate the remainder when j is divided by 8.
6
Suppose 4*y = 5*r - 58, 5*r + y - 52 = 2*y. Suppose -24 - 56 = -r*k. Ca